{"id":2639,"date":"2022-04-08T14:49:03","date_gmt":"2022-04-08T12:49:03","guid":{"rendered":"http:\/\/salombeaury.de\/?page_id=2639"},"modified":"2022-04-09T15:03:49","modified_gmt":"2022-04-09T13:03:49","slug":"about","status":"publish","type":"page","link":"http:\/\/salombeaury.de\/?page_id=2639","title":{"rendered":"ABOUT"},"content":{"rendered":"\n<div class=\"wp-block-group\"><div class=\"wp-block-group__inner-container is-layout-flow wp-block-group-is-layout-flow\">\n<p><\/p>\n\n\n\n<div class=\"wp-block-image is-style-default\"><figure class=\"alignleft size-full is-resized\"><img loading=\"lazy\" decoding=\"async\" src=\"http:\/\/salombeaury.de\/wp-content\/uploads\/2022\/04\/Salom.jpg\" alt=\"\" class=\"wp-image-2714\" width=\"328\" height=\"328\" srcset=\"http:\/\/salombeaury.de\/wp-content\/uploads\/2022\/04\/Salom.jpg 302w, http:\/\/salombeaury.de\/wp-content\/uploads\/2022\/04\/Salom-300x300.jpg 300w, http:\/\/salombeaury.de\/wp-content\/uploads\/2022\/04\/Salom-150x150.jpg 150w, http:\/\/salombeaury.de\/wp-content\/uploads\/2022\/04\/Salom-109x109.jpg 109w, http:\/\/salombeaury.de\/wp-content\/uploads\/2022\/04\/Salom-100x100.jpg 100w\" sizes=\"auto, (max-width: 328px) 100vw, 328px\" \/><\/figure><\/div>\n\n\n\n<h5 class=\"has-text-align-left wp-block-heading\"><em><strong>Hej, mein Name ist Salom. Ich bin Illustratorin und Collage K\u00fcnstlerin. Ich lebe und arbeite in Berlin und ich liebe es Illustrationen f\u00fcr Kinder, Museen und f\u00fcr kreative Unternehmen zu gestalten. Ich mache au\u00dferdem kundenspezifische Papierschnitt Collage-Portr\u00e4ts aus bunten Papieren und gebe einmal im Monat Papierkunst &#8211; Workshops in <\/strong> <strong>in einem Designstudio in Mitte oder an \u00f6ffentlichen Hochschulen.<\/strong><\/em><\/h5>\n<\/div><\/div>\n\n\n\n<p><\/p>\n\n\n\n<p><\/p>\n\n\n\n<p><\/p>\n\n\n\n<p><\/p>\n\n\n\n<p><\/p>\n\n\n\n<p><\/p>\n\n\n\n<p><\/p>\n\n\n\n<p><\/p>\n\n\n\n<p><\/p>\n\n\n\n<p><\/p>\n\n\n\n<p><\/p>\n\n\n\n<p><\/p>\n\n\n\n<div class=\"wp-block-columns are-vertically-aligned-bottom is-layout-flex wp-container-core-columns-is-layout-9d6595d7 wp-block-columns-is-layout-flex\">\n<div class=\"wp-block-column is-vertically-aligned-bottom is-layout-flow wp-block-column-is-layout-flow\" style=\"flex-basis:100%\">\n<div class=\"wp-block-columns is-layout-flex wp-container-core-columns-is-layout-9d6595d7 wp-block-columns-is-layout-flex\">\n<div class=\"wp-block-column is-layout-flow wp-block-column-is-layout-flow\" style=\"flex-basis:100%\">\n<div class=\"wp-block-columns is-layout-flex wp-container-core-columns-is-layout-9d6595d7 wp-block-columns-is-layout-flex\">\n<div class=\"wp-block-column is-vertically-aligned-bottom is-layout-flow wp-block-column-is-layout-flow\" style=\"flex-basis:100%\">\n<p>K\u00fcnstlerischer Lebenslauf<br>Geboren 1973 in Denia (Spanien)<br>Seit 2009 freiberuflicher Illustrator und K\u00fcnstler<br>2001-2009 Studium Kommunikationsdesign Potsdam und UDK Illustrationsklasse<br>1997-2000 Malerin, Zeichnerin, B\u00fchnenbildnerin an der ETAGE in Berlin<br>1990-97 B\u00fchnen- und Wandgestaltung in W\u00fcrzburg<br>Workshops und Ausstellungen:<br>2021 Berlin: \u201eTag der Druckkunst\u201c Dreherschnitt-Ausstellung im Klavierladen KK<br>2020 K\u00fchlhaus G\u00f6rlitz: Skizzentage, Scherenschnittwerkstatt, Gruppenausstellung,<br>2020 Freie Stunde Neuk\u00f6lln: Mappenworkshop f\u00fcr K\u00fcnstler<br>2019 Edelfettwerk Hamburg: Live-Scherenschnitte<br>2019 48H Neuk\u00f6lln Art Festival: Habitat Einzelausstellung\/ Inandi Bar Berlin<br>2018 Berlin Art Book Festival: Riso Booklet Art &amp; Travelbook, Ausstellung<br>2018 Typo Berlin: Stenoprint-Workshop ausl\u00f6sen<br>2018 Kunstbahnhof Bergen: Festivals Druckwerkstatt: Mapping Bergen<br>2017 Stralsund: Feste Druck Festival\/ \u201eMembrane\u201c: Workshop: \u201ePoseidons<br>2017 K\u00fchlhaus G\u00f6rlitz: Workshop Urban Sketching \u201eAlles rollt \u00fcbers Rad<br>2017 48H Neuk\u00f6lln Art Festival: \u201eFruchtmonster &amp; Botanik\u201c zum Festivalthema<br>2017 Typo-Berlin\/ Typetalks im HKW: Speaker\/ Workshopleiter #ropelettering<br>2016 Festivals Print Festival Zirkus1 Puttpus: Workshopleiter #ropelettering_we<br>2017 Urban Sketching im K\u00fchlhaus G\u00f6rlitz: Gruppenausstellung &amp; Kalenderdruck<br>2016 AID\/ Berlin &#8222;Lange Nacht der Illustration&#8220;: Gruppenausstellung<br>2015 Sophiens\u00e4le\/ Berlin: Live-Zeichnen im Herbstsalon, Matthaei &amp; Co.<br>2014 Weimar &#8222;Sketch Festival&#8220;: Gruppenausstellung, Workshop: &#8222;Marktportraits&#8220;<br>2012 Stralsund &#8222;Sketch Festival&#8220;: &#8222;Fish in Space&#8220;, Gruppenausstellung<br>2012 Kulturforum\/ Berlin \u201eBig Draw Festival\u201c: \u201eK\u00f6rper.Raum.Farbe\u201c<br>2012 AID \/ Berlin &#8222;Lange Nacht der Illustration&#8220;: Gruppenausstellung,<br>2012 Lashopp, Berlin: &#8222;24hComic&#8220; Zeichnung und Ausstellung<br>Skizzenfestival Stralsund 2011: Le cadavre Exquis<\/p>\n<\/div>\n<\/div>\n<\/div>\n<\/div>\n<\/div>\n<\/div>\n","protected":false},"excerpt":{"rendered":"<p>Hej, mein Name ist Salom. Ich bin Illustratorin und Collage K\u00fcnstlerin. Ich lebe und arbeite in Berlin und ich liebe es Illustrationen f\u00fcr Kinder, Museen und f\u00fcr kreative Unternehmen zu gestalten. Ich mache au\u00dferdem kundenspezifische Papierschnitt Collage-Portr\u00e4ts aus bunten Papieren und gebe einmal im Monat Papierkunst &#8211; Workshops in in einem Designstudio in Mitte oder&nbsp;&#8230;<\/p>\n","protected":false},"author":1,"featured_media":0,"parent":0,"menu_order":3,"comment_status":"closed","ping_status":"closed","template":"page-subpagelist.php","meta":{"footnotes":""},"class_list":["post-2639","page","type-page","status-publish","hentry"],"_links":{"self":[{"href":"http:\/\/salombeaury.de\/index.php?rest_route=\/wp\/v2\/pages\/2639","targetHints":{"allow":["GET"]}}],"collection":[{"href":"http:\/\/salombeaury.de\/index.php?rest_route=\/wp\/v2\/pages"}],"about":[{"href":"http:\/\/salombeaury.de\/index.php?rest_route=\/wp\/v2\/types\/page"}],"author":[{"embeddable":true,"href":"http:\/\/salombeaury.de\/index.php?rest_route=\/wp\/v2\/users\/1"}],"replies":[{"embeddable":true,"href":"http:\/\/salombeaury.de\/index.php?rest_route=%2Fwp%2Fv2%2Fcomments&post=2639"}],"version-history":[{"count":76,"href":"http:\/\/salombeaury.de\/index.php?rest_route=\/wp\/v2\/pages\/2639\/revisions"}],"predecessor-version":[{"id":2799,"href":"http:\/\/salombeaury.de\/index.php?rest_route=\/wp\/v2\/pages\/2639\/revisions\/2799"}],"wp:attachment":[{"href":"http:\/\/salombeaury.de\/index.php?rest_route=%2Fwp%2Fv2%2Fmedia&parent=2639"}],"curies":[{"name":"wp","href":"https:\/\/api.w.org\/{rel}","templated":true}]}}